 3, 19, 1291159
List the prime factors of 126478048.
2, 29, 73, 1867
List the prime factors of 550587006.
2, 3, 1847, 16561
List the prime factors of 8483667.
3, 557, 5077
List the prime factors of 339509789.
1871, 181459
List the prime factors of 401766334.
2, 200883167
What are the prime factors of 24309566?
2, 157, 77419
What are the prime factors of 53732607?
3, 359, 49891
List the prime factors of 184683671.
184683671
List the prime factors of 24306078.
2, 3, 23, 89, 1979
List the prime factors of 143619373.
31, 419, 11057
What are the prime factors of 500114245?
5, 17, 229, 25693
What are the prime factors of 3076280807?
14753, 208519
What are the prime factors of 30019449?
3, 19, 526657
What are the prime factors of 79716942?
2, 3, 23, 192553
What are the prime factors of 25892761?
2711, 9551
List the prime factors of 186667917.
3, 59, 1054621
List the prime factors of 438055676.
2, 373, 293603
List the prime factors of 35688313.
37, 73, 181
List the prime factors of 649495319.
11, 17, 3473237
What are the prime factors of 56073292?
2, 11, 197, 6469
List the prime factors of 127794400.
2, 5, 31, 5153
What are the prime factors of 162380145?
3, 5, 263, 41161
What are the prime factors of 162247551?
3, 54082517
What are the prime factors of 138597269?
283, 489743
List the prime factors of 1022090624.
2, 61, 79, 1657
List the prime factors of 288904141.
2741, 105401
What are the prime factors of 21596260?
2, 5, 7, 22037
List the prime factors of 138006988.
2, 7, 1097, 4493
What are the prime factors of 551012201?
3931, 140171
List the prime factors of 884384666.
2, 11, 40199303
List the prime factors of 35495897.
211, 168227
What are the prime factors of 74005519?
7, 10572217
List the prime factors of 1489486059.
3, 17, 572659
What are the prime factors of 2498241586?
2, 1249120793
What are the prime factors of 7039363736?
2, 879920467
List the prime factors of 3783644989.
58613, 64553
List the prime factors of 279806950.
2, 5, 37, 151247
List the prime factors of 6266355478.
2, 73, 1861, 23063
What are the prime factors of 1407018158?
2, 7, 13, 17, 83, 5479
List the prime factors of 70566411.
3, 47, 500471
List the prime factors of 30249286.
2, 419, 36097
What are the prime factors of 482317757?
482317757
What are the prime factors of 205664246?
2, 19, 5412217
What are the prime factors of 4895772984?
2, 3, 67996847
List the prime factors of 148999961.
11, 71, 107, 1783
List the prime factors of 501235903.
7, 19, 1811, 2081
List the prime factors of 2313036748.
2, 11, 617, 85201
List the prime factors of 6949212484.
2, 101, 2281, 7541
List the prime factors of 3254894036.
2, 23, 67, 113, 4673
What are the prime factors of 299339068?
2, 7, 163, 65587
List the prime factors of 766317571.
766317571
What are the prime factors of 98531817?
3, 32843939
List the prime factors of 811352358.
2, 3, 71, 634861
What are the prime factors of 85310381?
13, 23, 41, 6959
What are the prime factors of 833122?
2, 47, 8863
List the prime factors of 7375265745.
3, 5, 761, 646103
What are the prime factors of 2464849919?
7, 1303, 270239
List the prime factors of 905935.
5, 409, 443
What are the prime factors of 63031311?
3, 7, 167, 1997
What are the prime factors of 215420041?
215420041
What are the prime factors of 2854415601?
3, 487, 651247
What are the prime factors of 254454386?
2, 31, 4104103
List the prime factors of 16714126.
2, 11, 13, 58441
What are the prime factors of 2823233737?
2823233737
What are the prime factors of 23998862?
2, 19, 631549
What are the prime factors of 6580737132?
2, 3, 73, 1087, 6911
List the prime factors of 2281207818.
2, 3, 16417, 23159
What are the prime factors of 119208421?
119208421
What are the prime factors of 1403820?
2, 3, 5, 11, 709
List the prime factors of 1813900073.
2347, 772859
What are the prime factors of 1752096418?
2, 876048209
What are the prime factors of 860063069?
860063069
What are the prime factors of 38880370?
2, 5, 271, 14347
List the prime factors of 271881027.
3, 11, 59, 89, 523
What are the prime factors of 1202347392?
2, 3, 3131113
What are the prime factors of 45043837?
31, 37, 173, 227
What are the prime factors of 84937567?
11, 13, 593969
List the prime factors of 73732930.
2, 5, 7373293
What are the prime factors of 41675040?
2, 3, 5, 11, 877
What are the prime factors of 31666770?
2, 3, 5, 331, 1063
What are the prime factors of 48906360?
2, 3, 5, 135851
What are the prime factors of 751975599?
3, 179, 1400327
What are the prime factors of 181544878?
2, 149, 239, 2549
List the prime factors of 667730407.
667730407
What are the prime factors of 37696120?
2, 5, 7, 11, 12239
What are the prime factors of 9443635?
5, 1888727
What are the prime factors of 87948857?
87948857
List the prime factors of 128292843.
3, 7, 6109183
List the prime factors of 407188969.
11, 61, 606839
What are the prime factors of 8086485?
3, 5, 11, 49009
List the prime factors of 169265887.
7, 24180841
What are the prime factors of 3419341184?
2, 7, 23, 277, 599
List the prime factors of 28298843.
28298843
List the prime factors of 96880795.
5, 11, 241, 7309
What are the prime factors of 1940764845?
3, 5, 97, 239, 5581
What are the prime factors of 1112414863?
7, 158916409
What are the prime factors of 386302334?
2, 11, 293, 59929
List the prime factors of 2837463206.
2, 97, 14626099
What are the prime factors of 43899485?
5, 7, 547, 2293
List the prime factors of 269087263.
8147, 33029
List the prime factors of 275156559.
3, 30572951
What are the prime factors of 343294938?
2, 3, 7, 2724563
What are the prime factors of 29362665?
3, 5, 283, 6917
What are the prime factors of 68030264?
2, 103, 82561
List the prime factors of 519050035.
5, 7, 17, 872353
What are the prime factors of 11370414?
2, 3, 11, 172279
What are the prime factors of 725204762?
2, 31, 251, 46601
What are the prime factors of 344666323?
5107, 67489
What are the prime factors of 67768126?
2, 227, 149269
What are the prime factors of 1724583677?
23, 74981899
What are the prime factors of 9750183?
3, 23, 141307
List the prime factors of 241243915.
5, 11, 617, 7109
List the prime factors of 814422628.
2, 709, 287173
List the prime factors of 1419584821.
137, 10361933
What are the prime factors of 45350056?
2, 5668757
What are the prime factors of 234690928?
2, 47, 312089
List the prime factors of 17796311.
13, 643, 2129
List the prime factors of 110942692.
2, 7, 293, 13523
What are the prime factors of 5829286069?
41, 241, 14389
List the prime factors of 553747654.
2, 276873827
What are the prime factors of 3979277924?
2, 17, 31, 37, 163, 313
List the prime factors of 62511201.
3, 67, 83, 1249
List the prime factors of 783400053.
3, 59, 4425989
List the prime factors of 19801492.
2, 4950373
List the prime factors of 380122663.
59, 2423, 2659
List the prime factors of 13838251.
7, 19, 104047
List the prime factors of 4044188660.
2, 5, 1321, 153073
What are the prime factors of 26394532?
2, 79, 101, 827
What are the prime factors of 160354192?
2, 97, 277, 373
List the prime factors of 325207268.
2, 19, 4279043
What are the prime factors of 453434461?
453434461
List the prime factors of 14935846.
2, 211, 35393
List the prime factors of 16232358.
2, 3, 67, 149, 271
List the prime factors of 483662934.
2, 3, 71, 126151
List the prime factors of 16334942.
2, 13, 628267
List the prime factors of 75979791.
3, 31, 272329
What are the prime factors of 3063797144?
2, 503, 761381
List the prime factors of 610661065.
5, 7, 17447459
List the prime factors of 6617148.
2, 3, 17, 163, 199
What are the prime factors of 550815874?
2, 7, 31, 1031, 1231
What are the prime factors of 41028268?
2, 1613, 6359
What are the prime factors of 108745388?
2, 27186347
List the prime factors of 293748709.
23, 809, 15787
List the prime factors of 13049310.
2, 3, 5, 434977
What are the prime factors of 90332549?
67, 1348247
What are the prime factors of 434134754?
2, 71, 601, 5087
What are the prime factors of 349308170?
2, 5, 34930817
List the prime factors of 118059978.
2, 3, 4073, 4831
What are the prime factors of 21635985?
3, 5, 7, 17, 23, 31
List the prime factors of 689980961.
689980961
What are the prime factors of 16578700?
2, 5, 193, 859
List the prime factors of 253822462